36).
-1065
Let g(w) = -66*w**2 + 44336*w + 221697. Calculate g(-5).
-1633
Let f(l) = l**3 + 156*l**2 + 210*l + 8754. Determine f(-155).
229
Let m(k) = -k**2 - 16541*k - 330467. What is m(-20)?
-47
Let q(s) = 8*s**2 + 2963*s + 45170. Calculate q(-16).
-190
Let o(j) = -j**3 + 194*j**2 - 1449*j + 130930. Give o(190).
20
Let p(w) = 70000*w - 559921. What is p(8)?
79
Let a(c) = -3*c**2 + 8507*c - 76506. What is a(9)?
-186
Let y(i) = i**2 - 411*i - 252872. Determine y(-338).
290
Let t(s) = -427*s - 11622. Give t(-27).
-93
Let z(q) = -1705*q - 481121. Determine z(-282).
-311
Let a(g) = 169*g + 2108. Determine a(-13).
-89
Let m(f) = -2*f**3 + 2*f**2 + 71*f - 1124. Determine m(0).
-1124
Let v(k) = 148*k - 5709. What is v(42)?
507
Let f(n) = -808*n + 3274. Calculate f(4).
42
Let l(f) = f**2 - 100*f - 125668. Calculate l(408).
-4
Let a(y) = 27*y**3 + 1408*y**2 + 211*y + 150. Calculate a(-52).
-6
Let x(c) = c**2 + 267*c - 15246. Determine x(49).
238
Let r(y) = y**2 - 775*y + 135867. What is r(264)?
963
Let o(l) = -l**2 + 2746*l + 27561. Calculate o(-10).
1
Let c(k) = 7402*k**2 - 14810*k - 5. What is c(2)?
-17
Let w(q) = 2*q**3 - 74*q**2 + 154*q - 737. Give w(35).
-247
Let i(b) = -b**3 + 158*b**2 + 780*b + 5702. Give i(163).
-3
Let v(i) = 1259*i - 20066. What is v(16)?
78
Let o(z) = 122*z - 818. Calculate o(5).
-208
Let a(z) = -44*z**3 + 2392*z**2 - 5405*z - 160. Calculate a(52).
-4
Let h(k) = 2*k**3 - 649*k**2 - 54767*k + 394. What is h(394)?
0
Let w(g) = -28754*g + 143757. Calculate w(5).
-13
Let p(m) = 19*m**3 + 23428*m**2 + 1255*m + 27155. Determine p(-1233).
29
Let g(i) = -50*i + 7001. Calculate g(146).
-299
Let o(p) = p**2 - 56*p - 26439. What is o(193)?
2
Let k(i) = 8325*i + 332974. Determine k(-40).
-26
Let v(g) = -g**3 + 124*g - 252. Give v(0).
-252
Let q(m) = -3*m**2 + 408*m + 193. What is q(139)?
-1058
Let o(t) = 134878*t - 1618420. Calculate o(12).
116
Let a(z) = -393882*z + 7483762. Calculate a(19).
4
Let i(h) = -7514*h**2 + 60107*h + 64. Give i(8).
24
Let q(w) = -5*w**2 - 283*w - 1542. Give q(-6).
-24
Let f(m) = -3036*m**2 - 69811*m + 347. Calculate f(-23).
-44
Let m(j) = 7*j**3 + 2389*j**2 + 527*j - 52863. Calculate m(-341).
-8
Let i(f) = -2*f**2 - 164*f - 2492. What is i(-51)?
670
Let a(s) = s**3 - 6*s**2 + 503*s - 2003. Determine a(4).
-23
Let b(o) = -88*o**2 + 119*o + 470. What is b(-4)?
-1414
Let b(g) = g**3 + 17*g**2 + 2853*g + 8439. What is b(-3)?
6
Let y(t) = -t**3 - 14*t**2 + 292*t + 4205. What is y(-16)?
45
Let q(x) = x**2 - 1861*x + 443983. Give q(281).
3
Let m(i) = -107*i**2 - 2135*i + 236. Calculate m(-20).
136
Let c(v) = -v**2 + 59741*v - 20550664. What is c(346)?
6
Let h(j) = -2*j**2 + 447*j - 22835. Calculate h(144).
61
Let o(i) = i**3 + 6*i**2 + 46*i + 583. Give o(-9).
-74
Let v(x) = 291*x - 25852. Determine v(105).
4703
Let i(p) = 65428*p + 523438. What is i(-8)?
14
Let o(f) = 6*f**2 + 10523*f - 21051. Give o(2).
19
Let w(r) = -21*r**2 + 1629*r - 24599. Determine w(57).
25
Let n(g) = g**2 + 332*g + 15793. Calculate n(-62).
-947
Let v(c) = 1690*c + 23732. Give v(-14).
72
Let q(y) = y**3 - 288*y**2 - 580*y - 250. Determine q(290).
-250
Let c(t) = 16*t**3 - 2170*t**2 - 2165*t + 1. Give c(-1).
-20
Let d(f) = -14818*f + 415166. Determine d(28).
262
Let s(h) = -696*h + 1516. Determine s(3).
-572
Let q(z) = -2*z**2 - 933*z - 33687. Determine q(-427).
46
Let k(j) = 4*j**3 - 35*j**2 + 83*j - 1287. Calculate k(10).
43
Let o(w) = 692251*w + 46380824. Determine o(-67).
7
Let v(j) = 3*j**3 + 932*j**2 - 6991*j + 1541. Calculate v(-318).
-49
Let r(x) = -9857*x - 78945. Calculate r(-8).
-89
Let i(s) = -2*s**2 + 139*s - 3792. What is i(30)?
-1422
Let d(t) = -t**3 + 70*t**2 + 180*t - 107. Calculate d(-3).
10
Let u(n) = 3*n**2 - 117*n + 768. Give u(8).
24
Let g(y) = 4*y**3 + 143*y**2 + 955*y + 35688. Determine g(-36).
12
Let d(f) = -f**3 - 28*f**2 - 228*f + 7232. What is d(11)?
5
Let u(r) = 12310*r - 1957421. What is u(159)?
-131
Let b(h) = -9*h**3 + 5331*h**2 + 3555*h + 1874. Calculate b(593).
95
Let y(z) = 92*z**2 - 723*z - 132. Determine y(8).
-28
Let m(b) = -18757*b + 862809. What is m(46)?
-13
Let l(u) = 2*u**3 - 28*u**2 - 1245*u + 12027. What is l(9)?
12
Let f(h) = 707*h + 18495. Calculate f(-27).
-594
Let n(s) = -4917*s - 3884429. Determine n(-790).
1
Let y(m) = 8*m**3 + 52*m**2 + 30*m + 86. What is y(-7)?
-320
Let g(u) = -u**3 + 55*u**2 - 63*u + 124. Give g(54).
-362
Let h(p) = 8*p**2 + 951*p - 23539. Give h(21).
-40
Let w(z) = -745*z - 345019. Give w(-463).
-84
Let p(g) = g**3 - 203*g**2 + 10219*g - 703. Give p(92).
-59
Let c(x) = -438*x**2 + 36327*x + 2241. Give c(83).
0
Let o(u) = 144596*u + 867427. Calculate o(-6).
-149
Let z(p) = -22065*p - 662264. What is z(-30)?
-314
Let g(u) = 514*u**3 - 7192*u**2 + 30*u + 1. Give g(14).
1205
Let a(g) = 4770*g + 95384. Determine a(-20).
-16
Let d(s) = 7902*s - 3192415. Calculate d(404).
-7
Let q(r) = 132871*r + 1594454. Give q(-12).
2
Let d(q) = 272*q - 56812. Give d(208).
-236
Let z(b) = 15327*b + 1747301. Calculate z(-114).
23
Let l(d) = -d**2 + 343*d - 27922. Calculate l(131).
-150
Let l(z) = -z**3 - 304*z**2 - 3516*z - 3556. Determine l(-292).
-52
Let k(w) = -2*w**3 - 40*w**2 + 308*w - 44. What is k(6)?
-68
Let v(k) = 1922*k - 9497. Determine v(5).
113
Let z(f) = 417*f + 5447. Determine z(-13).
26
Let w(d) = d**3 + 137*d**2 - 554*d + 1375. What is w(-141)?
-35
Let v(a) = -307*a + 544. What is v(2)?
-70
Let j(a) = 289*a + 26404. Determine j(-91).
105
Let h(g) = -g**2 + 666*g - 5328. Calculate h(8).
-64
Let w(k) = -136739*k + 272977. Determine w(2).
-501
Let a(z) = z**3 + 204*z**2 + 1577*z - 10. Give a(-8).
-82
Let m(s) = -250*s + 110893. Calculate m(444).
-107
Let j(f) = -1566644*f + 11. Give j(0).
11
Let c(p) = 180*p**2 + 18*p - 120. What is c(3)?
1554
Let y(a) = -59166*a - 59168. Give y(-1).
-2
Let c(k) = 363*k**2 - 65702*k - 185. Calculate c(181).
-4
Let p(x) = -48901*x - 48838. Calculate p(-1).
63
Let p(w) = -14*w**2 - 770*w - 1498. Calculate p(-2).
-14
Let q(o) = 2*o**2 + 1937*o - 80672. Determine q(40).
8
Let j(k) = -1314*k + 107588. Give j(82).
-160
Let r(v) = -12*v**2 + 2317*v + 2319. What is r(-1)?
-10
Let z(n) = -240*n - 3700. What is z(-16)?
140
Let c(s) = -150*s**2 + 2967*s + 113. Determine c(20).
-547
Let h(r) = 1075*r + 20003. What is h(-19)?
-422
Let w(v) = v**2 - 498*v + 42098. What is w(390)?
-22
Let d(h) = -h**2 - 633*h - 22771. Determine d(-38).
-161
Let k(i) = 237*i - 99287. Determine k(419).
16
Let z(k) = -6460*k + 23440. Determine z(4).
-2400
Let r(z) = -22*z**2 - 145*z - 32. What is r(-6)?
46
Let j(a) = a**2 + 688524*a - 15148016. What is j(22)?
-4
Let q(r) = r**2 + 181*r - 30040. What is q(105)?
-10
Let q(s) = s**2 + 8469*s - 135640. Calculate q(16).
120
Let h(i) = 5*i**2 - 354*i + 480. Calculate h(65).
-1405
Let k(l) = l**3 - 47*l**2 + 511*l + 1079. Determine k(25).
104
Let v(w) = -3*w**3 - 55*w**2 + 56*w + 2440. What is v(-8)?
8
Let v(p) = -128057*p + 128172. What is v(1)?
115
Let r(o) = -o**3 - 187*o**2 - 906*o + 607. Give r(-182).
-121
Let g(m) = m**2 + 392*m + 12320. Give g(-35).
-175
Let o(x) = -17131*x - 291255. Give o(-17).
-28
Let x(q) = 2*q**2 + 363*q - 2846. Determine x(-189).
-11
Let u(b) = 2608*b - 20866. Give u(8).
-2
Let i(q) = -15*q**2 - 3043*q - 3042. Calculate i(-1).
-14
Let j(f) = 5*f**2 + 1045*f + 19778. Determine j(-191).
2588
Let n(k) = -30*k**2 - 1121*k - 435. Give n(-37).
-28
Let g(p) = 2*p**3 - 73*p**2 + 567*p - 308. Determine g(25).
-508
Let f(b) = -3838*b + 92085. Calculate f(24).
-27
Let u(z) = -z**2 - 1004*z + 198234. Calculate u(169).
-3
Let b(k) = 264*k + 23371. Calculate b(-90).
-389
Let u(o) = -o**3 + 202*o**2 - 2969*o + 2490. Give u(15).
30
Let a(k) = 68*k + 15631. What is a(-256)?
-1777
Let q(n) = -561275*n + 10664218. Calculate q(19).
-7
Let y(z) = 6636*z - 2601303. Determine y(392).
9
Let q(z) = -25*z**2 - 1637*z - 12082. Give q(-57).
2
Let f(v) = -1959*v - 7435. What is f(-4)?
401
Let v(o) = -289*o + 17648. Determine v(62).
-270
Let c(m) = 2123*m + 28737. Give c(-15).
-3108
Let q(a) = 880237*a + 5281429. Determine q(-6).
7
Let v(f) = -49991*f + 349942. Calculate v(7).
5
Let c(y) = y**2 - 449*y + 36182. What is c(104)?
302
Let a(m) = m**3 - 73*m**2 + 434*m + 5658. Give a(65).
68
Let b(n) = -4*n**2 + 46*n - 419. Determine b(5).